 94221. Is g a composite number?
True
Let r(i) = 54*i**3 + 5*i**2 + 2*i + 5. Let c be r(4). Suppose -7136 = 645*f - 653*f. Let v = c - f. Is v a prime number?
True
Suppose -8*s + 5*j + 31449 = -7*s, -62934 = -2*s + j. Is s prime?
True
Suppose 13 = 4*i + u, 28 = i + 3*i + 4*u. Suppose 3*b - 4*f - 14675 = 0, 4*b + i*f - 19554 = f. Is b a composite number?
False
Let j = -4755124 + 7093323. Is j a prime number?
False
Suppose 214789 + 242177 = 168*n - 394626. Is n a composite number?
True
Let i be 44*(-4)/(-128) - (-6)/(-16). Is (-43239)/(-14) + i + 2/(-4) a composite number?
False
Let j = 44 + 21. Let z be (j/(-13))/(1/(-482)). Let d = -1551 + z. Is d a composite number?
False
Suppose 0*w + 2*w + 134 = 4*r, 0 = w + 4*r + 67. Let k = w + 68. Let p(s) = 1093*s + 4. Is p(k) composite?
False
Let f be ((-22956)/18)/(-3 + 10/3). Let a = 727 - f. Is a composite?
True
Suppose -7*f = -28 + 224. Is (5 - f/(-7)) + 37*61 composite?
True
Let r = 13 - 31. Let f = 4128 - 3983. Let g = f + r. Is g composite?
False
Suppose -20*h + 25*h = -4*c + 141645, 5*c + 4*h - 177063 = 0. Suppose -540*x = -531*x - c. Is x a composite number?
True
Suppose 0 = 4*q + 2*g - 10246, -1565 + 1561 = -4*g. Is q composite?
True
Suppose 233*u + 235*u - 495*u = -6090687. Is u prime?
True
Suppose 23*z - 84*z = -40*z - 6917757. Is z a composite number?
True
Suppose -2*z - 5*d + 15 = -8, 4*z = -3*d + 11. Is (-16 + 17342)*z/(-2) a composite number?
False
Let t(l) = 156*l - 28 - 9 - 6. Suppose 3*r - 3*v = 33, -5*r + 24*v = 26*v - 41. Is t(r) a composite number?
False
Let c(w) = 17*w**3 - 6*w**2 - 12*w + 29. Suppose -5*t - d = -13 - 15, 3*t - 5*d - 28 = 0. Is c(t) a composite number?
False
Suppose 2*v + 94332 = 23*v. Let q = v - 2651. Is q prime?
False
Let y = 125 + -106. Suppose -2*q = 4*r - y - 9, -r = -4*q + 47. Is (19033/(-42))/((-2)/q) composite?
False
Let m(k) = -8203*k - 3173. Is m(-28) a composite number?
False
Let n(d) be the first derivative of -5*d**4/4 + d**3/3 - d + 1. Suppose -13*p + 33*p = -60. Is n(p) a prime number?
False
Suppose 0 = 51*i - 7972074 - 2687997. Is i composite?
False
Let y = 380 - 379. Is (y + 2)/(6/5482) prime?
True
Let a = 267 - 168. Let p be a/45 + (-2)/10. Is 1146 + 18 - (p - 1) composite?
False
Suppose -22*k = -27*k + 5. Let y(m) = m. Let f(z) = 7*z**3 - 11*z**2 - z - 1. Let o(d) = k*f(d) - 6*y(d). Is o(6) a composite number?
True
Let u = 466 - 463. Suppose -2*b + 0 + 4 = 0. Suppose -10*f + 9*f = 4*q - 1427, b*q + 4267 = u*f. Is f a prime number?
True
Let s = 100141 - 60432. Is s composite?
False
Let a = 2651 + -3711. Is (a/(-6))/((-12)/(-18)) a prime number?
False
Suppose y + 15837129 = 27*x - 12*x, -3*y = -x + 1055791. Is x composite?
False
Let w = 8 - 2. Let l(u) = -u**3 - 4*u**2 - 7*u - 1. Let j be l(-5). Let c = j + w. Is c a composite number?
True
Let v = 806456 + -348443. Is v composite?
True
Let l = 103 + -106. Is 3228 + l*1/(-3) a prime number?
True
Let h = -106 - -100. Let a be 2 - 30/(-1 - h). Is 1/(a + -4 + (-3915)/(-489)) composite?
False
Let y(n) = -3665*n**3 + 3*n**2 + 34*n - 3. Is y(-4) prime?
False
Suppose -4*v - b + 306167 + 293050 = 0, 4*v - 4*b - 599192 = 0. Is v a prime number?
True
Suppose 102 = 3*r + 84. Suppose -y + 32567 = 4*g, -g + r*g - 2*y = 40699. Is g a composite number?
True
Suppose -5*y - 39*v + 104 = -40*v, 2*v = 2*y - 48. Is (-63947)/(-11) + y/(-55) prime?
True
Let a be 931714/294 - 4/42. Let n = 1740 + a. Is n a prime number?
True
Let x = -631 - -661. Is 4/x + 7*(-278004)/(-315) prime?
False
Suppose 4*r + 129473 = 3*y, 27*y - 31*y = -4*r - 172624. Is y a composite number?
False
Let z(u) = -6156*u**3 - 8*u**2 + 3*u + 64. Is z(-7) composite?
False
Is (-1)/(5/(-473))*5 a prime number?
False
Is (-1 + (-12770)/4)*(-3574)/5361 a prime number?
True
Suppose -4063167 = -15*x + 1171338. Is x a prime number?
False
Is (-1563124)/(-20) + 3/(-15) + (-7 - -9) composite?
True
Suppose -5*r = -2*n - 6*r + 793845, -4*n = -2*r - 1587662. Is n prime?
True
Let h(p) = 2*p**3 - p**2 - 1. Let z = -87 - -93. Is h(z) a prime number?
False
Suppose u + 5*o - 151490 = 0, -24*u - 302925 = -26*u + o. Is u composite?
True
Let c(u) be the first derivative of -215*u**2/2 + 342*u - 165. Is c(-7) a composite number?
False
Is 1032059 - 5/(15/(-24)) prime?
True
Let t(m) = -2*m**3 - 119*m**2 - 189*m - 112. Is t(-59) composite?
True
Suppose 2*k + 2*y - 23849 - 7959 = 0, 79550 = 5*k - y. Let t = 37647 - k. Suppose x = 4*o - t, -3*o = -0*o - 4*x - 16297. Is o prime?
False
Let o = -174 + 412. Let k = o - -4015. Is k a prime number?
True
Suppose -102*d + 167689 = 76*d + 18525. Is d composite?
True
Suppose 2*m - 1311662 = -4*t, 7*m - 12*m - 2*t = -3279219. Is m composite?
False
Let s(k) = -k**2 + 3*k + 6. Let p be s(-3). Let c be ((-8)/p)/(1/3741). Suppose 0*w + 3*w = r - 1261, -2*r - w + c = 0. Is r a composite number?
False
Let z = 237 - 235. Suppose -8898 = -4*n - z*r + 13586, -4*n - 4*r + 22476 = 0. Is n a composite number?
False
Let f = 11 + 2. Suppose f*d - 32 = 5*d. Suppose -w + 3 = -5*b + d, 0 = -5*w - 2*b + 76. Is w composite?
True
Suppose 168 = -d - 3*d. Let k be (-10)/(4 - (-90)/(-21)). Let x = k - d. Is x prime?
False
Suppose -3*h + 4*h = -4*z - 811, z - 3*h = -206. Let i = z + 1404. Is i a prime number?
True
Let x = 20843 - 8384. Is x a prime number?
False
Let q(t) = 56*t - 19. Suppose -5*r = -5*p - 25, 15 = -3*p - 0*p. Suppose -98*f + 101*f - 18 = r. Is q(f) a prime number?
True
Let o(r) = 343*r**3 + 76*r**2 + 13*r - 503. Is o(15) a prime number?
False
Let i(o) = -4160*o - 3867. Is i(-11) a composite number?
False
Let b(x) = 65*x**2 + 35*x + 12. Let c be b(-16). Suppose -5*r + c = -2*n + 2478, -r + 2726 = -2*n. Is r prime?
False
Let a(o) = 1114*o**3 - 3*o**2 - 95*o + 773. Is a(6) a prime number?
True
Suppose f - 274574 = -5*d + 10*d, 2*f = 4*d + 549154. Is f a composite number?
False
Suppose 3*a - 4297*j = -4301*j + 164123, 4*j + 164131 = 3*a. Is a prime?
True
Let f be (288 - -1) + -26 + 27. Suppose v - f - 523 = 0. Let d = 533 + v. Is d a composite number?
True
Is (-5)/115 - (-74492136)/276 prime?
False
Suppose 4*h + x - 110232 - 181207 = 0, 0 = 4*h + 3*x - 291445. Is h a composite number?
False
Let w = -67 - -85. Suppose -2*l + w = 7*l. Suppose 89 = l*s - 65. Is s composite?
True
Let p = 35707 + 218451. Is p a prime number?
False
Let v = 63 + -54. Suppose -v*w = 2*w - 591943. Is w a composite number?
False
Suppose 21 = -9*f + 111. Suppose -5*n - 4*y + 10 = 0, -2*n - 3*n - y + f = 0. Suppose -4*d = -n*b + 14, 2*d + 36 = 4*b - 4. Is b a composite number?
False
Let y = 49 - 45. Suppose -2253 = u - y*u. Suppose -c + 2*q + 741 = 3*q, -u = -c + 4*q. Is c a prime number?
True
Suppose 0 = -9*c + 10*c + 4777. Let y = c + 8300. Is y a composite number?
True
Let i(f) = 12265*f - 3187. Is i(10) a composite number?
True
Is (-1330)/5168 + 4/(-34) - 180854/(-16) a prime number?
False
Is 22355749/177*(6 + -3) prime?
False
Suppose -58 = -5*v + 137. Suppose v*q + 41100 = 42*q. Suppose -u + 1699 = -4*f + q, -9022 = -3*f + 5*u. Is f composite?
False
Suppose -76*i = -75*i - 3. Suppose 5*c = -4*b + 7526, i*b - 16 = -b. Is c a composite number?
True
Suppose -j + 4 = -m - 4*j, 4*m = -4*j - 16. Is (-171)/36 - -4 - 62191/m a prime number?
False
Let j(c) = -10*c**2 + 16*c - 2. Let b be j(20). Let g = 6981 + b. Is g a prime number?
True
Let d(k) = -k**2 - 7*k - 9. Let n be d(-4). Suppose 5*v - 1525 = -c + n*c, 2*c - 317 = -v. Is v composite?
False
Suppose 2*m + 5*n = 6*n + 11, 4*n + 8 = -m. Suppose y - 2*b - 1875 = 0, 6*b + 9343 = 5*y + m*b. Is y prime?
True
Let k = 35 + -30. Suppose -k*g = -5*g - 2*g. Suppose -3*o = -2*z - 1639, g = 2*o - 5*o - 5*z + 1646. Is o a composite number?
False
Let k(l) be the first derivative of -67*l**5/40 - 23*l**4/24 + 7*l**3/3 - 5. Let g(d) be the third derivative of k(d). Is g(-4) a prime number?
False
Suppose 14*p - 548640 + 177613 = 350659. Is p a prime number?
False
Let j = -3519 - -2038. Let p = -473 - j. Suppose 2*q = -2*q + 4*o + p, 0 = q - 4*o - 249. Is q a composite number?
True
Let a(j) = -j**3 + 5*j**2 + j + 2. Let b be a(4). Suppose -2 = 4*o - b, -2 = -4*k - 2*o. Is k/(-10) + (0 - (-11945)/25) composite?
True
Suppose -15*m = -12*m - 36. Suppose 3*q + 5*r + 19 = 0, 0 = -5*q - 4*r - m + 2. Is (q + 1/(-1))/((-4)/(-136)) a composite numb